{"id":32,"date":"2016-01-25T11:09:18","date_gmt":"2016-01-25T11:09:18","guid":{"rendered":"http:\/\/wp.feldmann-physio.de\/?page_id=32"},"modified":"2016-07-29T12:35:20","modified_gmt":"2016-07-29T10:35:20","slug":"infos-zur-praxis","status":"publish","type":"page","link":"https:\/\/www.feldmann-physio.de\/?page_id=32","title":{"rendered":"Ihre Behandlung"},"content":{"rendered":"<p><img loading=\"lazy\" class=\"alignright wp-image-172\" src=\"https:\/\/wp.feldmann-physio.de\/wp-content\/uploads\/2016\/01\/Fotolia_1.jpg\" alt=\"\" width=\"400\" height=\"247\" srcset=\"https:\/\/www.feldmann-physio.de\/wp\/..\/wp-content\/uploads\/2016\/01\/Fotolia_1.jpg 1920w, https:\/\/www.feldmann-physio.de\/wp\/..\/wp-content\/uploads\/2016\/01\/Fotolia_1-300x185.jpg 300w, https:\/\/www.feldmann-physio.de\/wp\/..\/wp-content\/uploads\/2016\/01\/Fotolia_1-768x475.jpg 768w, https:\/\/www.feldmann-physio.de\/wp\/..\/wp-content\/uploads\/2016\/01\/Fotolia_1-1024x633.jpg 1024w\" sizes=\"(max-width: 400px) 100vw, 400px\" \/>Bitte tragen Sie bequeme Kleidung und bringen ein gro\u00dfes Badetuch f\u00fcr die Behandlungsliege mit. Wir ben\u00f6tigen f\u00fcr die Physiotherapie eine \u00e4rztliche Verordnung und wenn Sie bereits \u00e4rztliche Befunde haben, w\u00e4re es sch\u00f6n, wenn Sie diese zur ersten Behandlung mitbringen k\u00f6nnten.<\/p>\n<p>Wundern Sie sich nicht, wenn Ihre Heilmittelverordnung von uns peinlich genau gepr\u00fcft wird. Die Krankenkassen sind diesbez\u00fcglich sehr radikal und bezahlen die erhaltenen Leistungen nicht, sollte sich auch nur der kleinste Fehler eingeschlichen haben. Gemeinsam versuchen wir, sofort eine L\u00f6sung zu finden, sollte es zu Abweichungen kommen.<\/p>\n<p>W\u00e4hrend Ihrer Behandlungszeit wird zus\u00e4tzlich ein Befund erstellt, damit die Behandlung individuell auf Ihre Probleme abgestimmt werden kann!<\/p>\n<p>Nach Ihrer Behandlung trinken Sie bitte reichlich und versuchen, sich m\u00f6glichst viel zu bewegen. G\u00fcnstig w\u00e4re ein kleiner Spaziergang unmittelbar nach der Behandlung. So hat Ihr K\u00f6rper Zeit, die neuen Informationen zu verarbeiten und Ihr Stoffwechsel wird angeregt und unterst\u00fctzt. Anstrengung und Stress sollten Sie w\u00e4hrend dieser Phase bitte vermeiden.<\/p>\n<p>Wir freuen uns auf die Zusammenarbeit mit Ihnen!<\/p>\n","protected":false},"excerpt":{"rendered":"<p>Bitte tragen Sie bequeme Kleidung und bringen ein gro\u00dfes Badetuch f\u00fcr die Behandlungsliege mit. Wir ben\u00f6tigen f\u00fcr die Physiotherapie eine<\/p>\n","protected":false},"author":1,"featured_media":0,"parent":0,"menu_order":0,"comment_status":"closed","ping_status":"closed","template":"","meta":{"colormag_page_container_layout":"default_layout","colormag_page_sidebar_layout":"default_layout"},"_links":{"self":[{"href":"https:\/\/www.feldmann-physio.de\/index.php?rest_route=\/wp\/v2\/pages\/32"}],"collection":[{"href":"https:\/\/www.feldmann-physio.de\/index.php?rest_route=\/wp\/v2\/pages"}],"about":[{"href":"https:\/\/www.feldmann-physio.de\/index.php?rest_route=\/wp\/v2\/types\/page"}],"author":[{"embeddable":true,"href":"https:\/\/www.feldmann-physio.de\/index.php?rest_route=\/wp\/v2\/users\/1"}],"replies":[{"embeddable":true,"href":"https:\/\/www.feldmann-physio.de\/index.php?rest_route=%2Fwp%2Fv2%2Fcomments&post=32"}],"version-history":[{"count":6,"href":"https:\/\/www.feldmann-physio.de\/index.php?rest_route=\/wp\/v2\/pages\/32\/revisions"}],"predecessor-version":[{"id":224,"href":"https:\/\/www.feldmann-physio.de\/index.php?rest_route=\/wp\/v2\/pages\/32\/revisions\/224"}],"wp:attachment":[{"href":"https:\/\/www.feldmann-physio.de\/index.php?rest_route=%2Fwp%2Fv2%2Fmedia&parent=32"}],"curies":[{"name":"wp","href":"https:\/\/api.w.org\/{rel}","templated":true}]}}